(-29).
-14
Let y(p) = 5*p**2 - 28*p + 7. Calculate y(7).
56
Let n(l) = 148*l + 557. Give n(-3).
113
Let b(c) = -22*c - 619. Calculate b(-20).
-179
Let o(k) = 205*k**2 + k + 2. Determine o(-1).
206
Let k(l) = -l**3 - 16*l**2 - 41*l - 15. What is k(-13)?
11
Let j(u) = -303*u - 4547. Calculate j(-15).
-2
Let r(z) = -623*z - 41119. Determine r(-66).
-1
Let y(o) = -13*o - 1013. Calculate y(-95).
222
Let m(w) = 5*w + 48. Give m(-19).
-47
Let i(c) = c**3 + 17*c**2 - 64*c + 12. Determine i(-20).
92
Let n(h) = -3*h**3 - 5*h**2 - 50*h - 76. What is n(-2)?
28
Let t(r) = -33*r + 227. Determine t(8).
-37
Let u(y) = -y**3 + 46*y**2 - 8*y + 373. What is u(46)?
5
Let w(z) = -z**3 + 9*z**2 - 27*z - 5. What is w(4)?
-33
Let n(o) = o**3 - 14*o**2 + 17*o - 40. What is n(16)?
744
Let p(t) = -36*t - 2378. Give p(-75).
322
Let p(h) = 7*h + 57. Determine p(-6).
15
Let d(c) = -2*c**2 + 266*c - 8779. Give d(60).
-19
Let a(j) = -10*j**2 - 19*j + 48. What is a(4)?
-188
Let w(s) = 15*s - 55. Give w(-8).
-175
Let i(p) = p**3 + 6*p**2 + 29*p + 260. Determine i(-7).
8
Let l(v) = 29*v**3 - 3131*v**2 - 106*v - 202. Give l(108).
14
Let n(u) = -72*u - 14. Calculate n(-1).
58
Let u(c) = c**2 + 2*c + 19. Determine u(6).
67
Let y(s) = -s**2 - 32*s + 118. Give y(15).
-587
Let p(s) = -3*s**2 - 403*s - 1613. Determine p(-4).
-49
Let a(x) = -6*x**3 + 8*x**2 + 38*x + 110. Give a(-4).
470
Let d(j) = -2*j**2 + 379*j - 13203. What is d(46)?
-1
Let v(h) = -h**3 + 606*h - 1793. Calculate v(3).
-2
Let g(z) = z - 116. What is g(-31)?
-147
Let s(t) = -12*t**2 - 94*t - 77. What is s(-7)?
-7
Let f(q) = 2*q**3 + 2*q**2 + 12*q - 23. Determine f(2).
25
Let m(u) = -u**3 - 19*u**2 - 20*u - 57. Give m(-18).
-21
Let d(n) = -2*n**2 + 327*n - 326. What is d(1)?
-1
Let i(c) = -c**2 - 177*c - 3165. Give i(-20).
-25
Let t(p) = -4*p**3 + 19*p**2 - 13*p + 12. Give t(7).
-520
Let y(c) = c**2 + c - 582. Give y(-25).
18
Let v(f) = -170*f - 2481. Determine v(-14).
-101
Let b(l) = -l**2 - 63*l - 74. Give b(-62).
-12
Let m(l) = -5*l**2 + 46*l - 116. Calculate m(4).
-12
Let a(w) = -24*w - 447. What is a(-15)?
-87
Let l(c) = 236*c - 1895. What is l(8)?
-7
Let u(a) = -2*a**2 - 51*a + 261. Determine u(0).
261
Let g(o) = 100*o - 154. What is g(2)?
46
Let k(x) = -x**3 - x**2 - 29*x - 349. Determine k(-6).
5
Let a(t) = 3*t**2 + 43*t + 438. Calculate a(-9).
294
Let w(z) = z**2 + 233*z + 10032. Calculate w(-57).
0
Let c(g) = g**3 - 8*g**2 - 28*g - 28. Determine c(12).
212
Let z(m) = -2*m**2 - 11*m + 19. What is z(-10)?
-71
Let q(f) = -f**3 + 36*f**2 + 40*f - 130. Determine q(37).
-19
Let b(c) = -c**3 + 4*c**2 + 3*c - 17. Calculate b(-2).
1
Let v(z) = -447*z + 2771. Give v(6).
89
Let c(o) = 7*o**2 + 256*o - 355. What is c(-39)?
308
Let q(n) = -n**3 - 13*n**2 - 41*n - 109. What is q(-10)?
1
Let y(j) = -7*j**2 + 164*j + 88. Calculate y(24).
-8
Let g(c) = c**2 + 17*c - 49. Calculate g(-21).
35
Let j(l) = -l**3 - 14*l**2 + 158*l + 231. Determine j(-21).
0
Let t(i) = -29*i - 501. Give t(-34).
485
Let v(f) = -10463*f - 104615. What is v(-10)?
15
Let g(y) = y**3 - 32*y**2 + 2*y + 79. Determine g(32).
143
Let r(p) = 30*p - 145. Give r(5).
5
Let l(t) = 7*t**2 - 23*t + 1. Calculate l(5).
61
Let z(y) = -9*y + 314. Calculate z(39).
-37
Let c(d) = -28*d + 39. Give c(2).
-17
Let z(m) = -2442*m + 19541. Give z(8).
5
Let p(i) = i**3 - 2*i**2 - 16*i + 176. What is p(7)?
309
Let j(t) = 2*t**3 + 104*t**2 - 101*t + 488. Determine j(-53).
223
Let k(m) = m - 3. Calculate k(-25).
-28
Let i(u) = 30*u + 317. What is i(-10)?
17
Let c(a) = 4174*a - 62558. What is c(15)?
52
Let q(d) = -2*d**2 + 104*d + 415. What is q(54)?
199
Let n(r) = -961*r - 10564. Calculate n(-11).
7
Let z(u) = -u**3 - 8*u**2 - 3*u + 9. Give z(-10).
239
Let j(u) = -u**3 - 120*u**2 - 792*u - 130. Determine j(-113).
-17
Let w(t) = -526*t + 4645. Give w(9).
-89
Let g(o) = 8*o**3 + 3*o - 1. Determine g(1).
10
Let w(g) = g**3 - 11*g**2 + 11*g - 187. Calculate w(11).
-66
Let j(s) = -s**3 + 70*s**2 + 222*s - 239. Determine j(73).
-20
Let w(f) = 21*f - 3724. What is w(175)?
-49
Let i(q) = 393*q - 3923. Give i(10).
7
Let m(y) = -y**3 - 14*y**2 + 39*y + 652. Give m(-13).
-24
Let a(k) = k**2 + 171*k - 2821. Determine a(-186).
-31
Let h(u) = 60*u**2 - 347*u - 6. What is h(6)?
72
Let g(m) = m**3 + 22*m**2 - 48*m - 8. What is g(-24)?
-8
Let g(n) = 82*n - 618. Calculate g(8).
38
Let m(h) = -25*h + 2549. Calculate m(102).
-1
Let b(g) = -g**3 + 9*g**2 + 15*g - 56. What is b(9)?
79
Let s(w) = -2*w**3 + 66*w**2 + 8*w - 73. What is s(33)?
191
Let a(q) = 275*q - 2180. Calculate a(8).
20
Let c(f) = 29*f**2 + 703*f + 55. Determine c(-23).
-773
Let v(d) = d**2 - 43*d + 168. What is v(8)?
-112
Let i(v) = v**3 - 30*v**2 - 36*v + 170. What is i(31)?
15
Let p(b) = -20*b - 169. What is p(-2)?
-129
Let o(f) = -823*f + 2524. What is o(3)?
55
Let t(s) = s**2 + 42*s + 448. Give t(-20).
8
Let j(k) = -k**3 + 5*k**2 + 13*k + 3. What is j(7)?
-4
Let y(v) = -v**3 + 22*v**2 + 76*v + 104. Determine y(25).
129
Let u(w) = -124*w + 110. What is u(1)?
-14
Let n(p) = -2*p**3 - 100*p**2 - 11*p - 406. Calculate n(-50).
144
Let k(m) = -m**3 + m**2 + 1656*m - 8190. Give k(5).
-10
Let v(w) = -w**3 + 161*w**2 + 10551*w - 209. What is v(211)?
2
Let t(k) = 62*k**2 + 3*k + 2. Calculate t(-1).
61
Let s(b) = -10*b - 286. What is s(-45)?
164
Let p(w) = 2*w**3 - 10*w**2 + 4*w + 42. Give p(6).
138
Let x(k) = 39*k + 162. Determine x(-5).
-33
Let r(a) = -115*a**2 - 4138*a + 65. What is r(-36)?
-7
Let y(t) = 2*t**3 + 3*t**2 - 2*t - 26. Give y(5).
289
Let l(a) = -11*a**3 + a**2 + 2*a + 5. Give l(-2).
93
Let t(j) = -212*j - 1267. Give t(-6).
5
Let s(p) = 975*p - 29251. Give s(30).
-1
Let a(y) = -45*y + 121. Determine a(3).
-14
Let b(z) = -4*z**3 + 45*z**2 - 102*z + 58. What is b(2)?
2
Let i(o) = o**3 + 170*o**2 - 165*o + 1034. Give i(-171).
8
Let u(a) = -a**3 - 24*a**2 - 80*a + 26. Give u(-21).
383
Let j(n) = 9*n + 163. What is j(-31)?
-116
Let j(v) = 227*v + 13625. Give j(-60).
5
Let d(r) = r**3 - 96*r**2 + 276*r + 278. What is d(93)?
-1
Let r(p) = -p**2 + 216*p - 648. Determine r(3).
-9
Let t(l) = -l**3 - 45*l**2 + 252*l + 93. Calculate t(-50).
-7
Let t(g) = -g**3 + 73*g**2 + 236*g - 608. Determine t(76).
0
Let z(b) = 12*b**2 + b - 119. Calculate z(3).
-8
Let p(t) = 62*t + 1186. Determine p(-12).
442
Let m(w) = -7*w**2 + 6*w + 30. What is m(-2)?
-10
Let j(l) = 76*l**2 - 30*l + 1. What is j(2)?
245
Let c(w) = 29*w - 2235. Calculate c(77).
-2
Let z(n) = 271*n + 29243. Determine z(-108).
-25
Let v(j) = 219*j + 4155. Determine v(-19).
-6
Let a(v) = -2*v**3 - 25*v**2 - 27*v - 470. Determine a(-13).
50
Let z(m) = -4*m**3 + 139*m**2 + 31*m + 130. What is z(35)?
-10
Let s(w) = -w**2 - 113*w - 3228. Determine s(-52).
-56
Let l(z) = -15*z - 619. Give l(-40).
-19
Let d(f) = 73*f**2 - 3507*f + 156. Determine d(48).
12
Let n(t) = 11*t**2 - 10*t + 7. What is n(4)?
143
Let b(i) = 10*i**2 - 18*i. What is b(4)?
88
Let c(y) = y**2 + 32*y - 112. Determine c(-35).
-7
Let r(o) = 2*o**2 - 30*o - 30. Give r(15).
-30
Let m(v) = 9*v**2 + 22*v - 22. Calculate m(1).
9
Let y(n) = -238*n - 666. Give y(-5).
524
Let z(k) = -43*k - 244. Determine z(-1).
-201
Let j(n) = 2*n**2 + 143*n + 221. Determine j(-70).
11
Let y(f) = 2*f**3 + 11*f**2 - 2*f - 14. Determine y(-4).
42
Let k(g) = 49*g + 514. Calculate k(-10).
24
Let f(t) = -10*t**2 + 699*t - 1937. Calculate f(67).
6
Let f(w) = -29*w**2 - 23*w - 4. Determine f(-1).
-10
Let p(a) = -33*a**2 + 11*a - 15. What is p(4)?
-499
Let k(i) = -i**2 + 28*i + 121. Give k(30).
61
Let v(p) = -7*p**3 + 21*p**2 + 68*p + 10. Give v(5).
0
Let d(u) = u**3 - 13*u**2 - 25*u - 68. Determine d(15).
7
Let l(t) = -4*t**3 - 6*t**2 - 19*t - 15. Give l(-1).
2
Let f(w) = w**3 - 22*w**2 - 28*w + 117. Determine f(23).
2
Let k(h) = -h**3 + 10*h**2 + 72*h - 584. Give k(10).
136
Let d(s) = s**2 + 74*s + 1099. Determine d(-53).
-14
Let j(p) = -p**3 + 58*p**2 + 55*p + 232. Calculate j(59).
-4
Let z(i) = 2237*i - 38020. What is z(17)?
9
Let z(k) = -k**2 + 45*k + 492. Give z(-9).
6
Let z(p) = 9*p - 475. Give z(39).
-124
Let u(c) = -42*c**2 - 969*c - 34. Calculate u(-23).
35
Let g(d) = -18*d - 162. Give g(-9).
0
Let j(o) = 10*o**3 + 16*o**2 + 16*o. Determine j(-1).
-10
Let x(g) = -4*g**3 + 448*g**2 + 450*g + 220. Calculate x(113).
-6
Let a(q) = q**3 + 72*q**2